 = x**2 - 10. Let i be q(0). Suppose -2*b = -7*b - 20. What is the units digit of 64/10 - b/i?
6
Suppose 4*n - 5*n = -12. What is the units digit of (n - 0)/(-3)*-1?
4
Let a be -5 + 3 - -1 - -3. Suppose -k + 19 = v, -2*k = a*v + k - 39. What is the tens digit of v?
1
What is the units digit of ((-10)/6)/((-7)/21)?
5
Let y be -1 - 0/(-1) - -13. Suppose -m = 3*m + y. What is the units digit of m/(-9)*-2*-3?
2
Let g(o) = o**2 - 2*o - 3. Let m be g(4). Suppose 0 = -11*q + 3*q. Suppose 3*y = 3*k - 33, q*y + 10 = -m*y. What is the units digit of k?
9
Suppose 272 = 4*k - 332. What is the units digit of k?
1
Suppose -y - 5*r + 8 = 0, 7*y - 3*y + 4*r - 32 = 0. What is the units digit of (y/(-3))/((-4)/30)?
0
Suppose 0 = 3*c - 345 + 45. What is the tens digit of c?
0
Let s(r) = -r**2 + 13*r + 6. Let x be s(13). Let j = 15 - x. What is the units digit of j?
9
Let d = -14 + 14. Suppose 5*m - 55 = -5*z, d*z - 21 = -z + m. What is the units digit of z?
6
Suppose 5*d = 3*t - 273, 6*t + 375 = 10*t - 3*d. What is the tens digit of t?
9
Let g(t) = 1 + 0*t - 1 + 4*t + 1. What is the units digit of g(3)?
3
Suppose 6*r = 5*r + 1. Suppose 6*u = 2*u + 100. Suppose -u = -4*d - r. What is the units digit of d?
6
Let s = 0 + 23. Let n = -13 + s. What is the tens digit of n?
1
Suppose 2*b + 2*w - 18 = 0, -b + w = -8 - 1. Let y be (-2)/b - (-598)/18. Suppose 0 = 2*s + 2*s - f - 69, 2*s + f = y. What is the tens digit of s?
1
Suppose -4*u + 5*i + 256 = 0, 2*u - 5*u - 5*i + 157 = 0. What is the units digit of u?
9
What is the tens digit of (-43)/(((-7)/(-28))/(2/(-4)))?
8
Let l(d) = 2*d**2 - 11*d - 9. What is the tens digit of l(-5)?
9
Let j = -18 - -11. Let n(s) = -s**3 - 6*s**2 + 6*s + 2. What is the units digit of n(j)?
9
Suppose 15*z - 372 = 14*z. What is the hundreds digit of z?
3
Let s(l) = 3*l**2 + 7*l - 6. Let n be s(4). Suppose n = -4*p - 2*q, -q = 4*p + 4*q + 55. Let a = 28 + p. What is the units digit of a?
8
Suppose 5*z = -4*a - 1 - 1, 0 = -4*a - z + 6. Suppose r - 4*h + 41 = a*r, -2*h = -2*r + 42. What is the units digit of r?
5
Let x(s) = 3*s**3 - s + 1. Let f be x(1). Suppose q + 8 = -f*q, 5*q = -4*a - 34. What is the tens digit of (-57)/a + 3/6?
1
Suppose -2*j = 3*j - 45. Suppose 2*s = 3*s - j. What is the units digit of s?
9
Suppose 5*r - 4*p = 135, -3*r - 2*p + p + 81 = 0. What is the tens digit of r?
2
Let b be -1*1 - (-5 - -7). What is the units digit of ((-1)/1)/(1/b)?
3
Let l(i) = -2*i - 3. Let p be l(-2). Suppose a + 5 - p = 0. What is the units digit of (-25)/a + (-3)/12?
6
Suppose 5*b + 5 = 3*g, -4*g + 2*b - 1 = -3. Suppose 0 = 3*n - g*n - 6. Suppose -2*a - n = -8. What is the units digit of a?
3
Let s = -8 - -43. What is the tens digit of s?
3
Suppose -h - 13 = 2*b, -4*b + 5 = b - 5*h. Let d = 1 - b. Suppose -m - 4 = -2*r, 5*m - d*r = -6 + 1. What is the units digit of m?
2
Suppose 3 + 3 = -s. Let x be (-2 - -2) + s + -1. Let y = x - -14. What is the units digit of y?
7
Suppose b + 3*b - 96 = 0. Suppose -x + b = x. What is the units digit of x?
2
Let i(k) = -3*k**3 - k**2 + k + 1. Let l be i(-1). Let u be (l/(-4))/((-4)/(-120)). What is the units digit of (-7)/(-3) + 5/u?
2
What is the units digit of (-2)/(-5) - 112/(-20)?
6
Suppose -3*m - 1 - 11 = 0. Let a = 9 + m. Let n = a + -3. What is the units digit of n?
2
Let q = -129 + 319. What is the units digit of q?
0
Let b(u) = -106*u - 3. What is the hundreds digit of b(-1)?
1
Let d(z) = -13*z**2 - z - 14. Let k(x) = -7*x**2 - 7. Let j(y) = -6*d(y) + 11*k(y). What is the units digit of j(-6)?
7
Let n be (-6)/2*8/(-3). Let r(u) = -7*u + 5. Let m be r(-5). What is the units digit of m/22 - n/(-44)?
2
Let b(j) = 16*j + 5. What is the tens digit of b(3)?
5
Let b(z) = z**3 - 4*z**2 - 5*z - 2. Let j be b(5). What is the units digit of (-5)/(j/(2 + 0))?
5
Suppose 2*d + 4 = -0. Let c be 52/4 + d/(-1). Suppose c = -2*f - 5*s, 0 = -4*f - s + 4*s + 35. What is the units digit of f?
5
Suppose -217 = -3*a - 0*a - l, -4*l - 94 = -a. What is the tens digit of a?
7
Let c = -1 + 2. What is the units digit of -4 + 7 + 0/c?
3
Let n = 4 + -12. What is the units digit of (n/(-3))/(2/9)?
2
Let o(d) be the first derivative of 2*d**3/3 + 2*d**2 - d + 6. What is the units digit of o(-5)?
9
Let n(h) be the first derivative of h**6/360 + h**5/60 - h**4/12 + h**3/3 + 4. Let f(x) be the third derivative of n(x). What is the units digit of f(-4)?
6
Let h be -3 + 65 - (-24)/(-6). Suppose 0 = 2*w - 8, -2*m - 3*w - 20 = -h. What is the units digit of m?
3
Let l(k) = k**2 + 8*k + 3. Let d(o) = -o**2 + 3*o - 6. Let n be d(4). What is the tens digit of l(n)?
2
Suppose -3*v = -8*v + 20. Suppose v*l = -l + 135. What is the tens digit of l?
2
Suppose 2*z - 540 = -5*y + 13, y - 125 = -4*z. What is the hundreds digit of y?
1
Suppose 7 - 36 = -w + 5*v, -w - 11 = 3*v. Suppose 49 + 47 = w*x. What is the tens digit of x?
2
Let g = 194 - 132. What is the tens digit of g?
6
What is the units digit of ((-76)/(-12))/(-1)*-6?
8
Let b be ((-24)/9)/(2/(-3)). Suppose 39 = 3*v - 4*u, -v + b*u + 21 = -0*v. What is the units digit of v?
9
Let k(d) = -d**2 + d + 10. Let i be k(0). Let b = -7 + i. Suppose 2*m + c + 1 = 3*m, 11 = b*m + c. What is the units digit of m?
3
What is the tens digit of (-5)/5*(-1 - 30)?
3
Let q = 2 - -2. Suppose -4*c - 5*x + 3*x + 10 = 0, -5*x + 15 = 0. What is the units digit of c + -1 + 8/q?
2
Let h = -106 - -178. What is the units digit of h?
2
Suppose -5*i = 4*k + 15, i - 2*i + k = -6. Suppose 11 = 5*m + i. Suppose m*l + 15 - 35 = -2*c, 0 = 2*c - l - 11. What is the units digit of c?
7
Suppose -3*j - 2*k + 95 = 0, k = 3*j - 4*k - 109. What is the tens digit of j?
3
Suppose -3*u + 18 = 4*w, 0*u + 2*u - 5*w - 12 = 0. Let r = u + 3. What is the units digit of r?
9
Let x(m) = 7*m + 1. Let j = 23 - 22. What is the units digit of x(j)?
8
What is the tens digit of 4/(-14) - (-1082)/14?
7
Let m = 14 + -21. Let x(d) = d**3 + 7*d**2 - d + 5. What is the units digit of x(m)?
2
Let u = 4 - 5. Let w be 3 + -2 - u/(-1). Suppose w = -v - 2*v + 21. What is the units digit of v?
7
Let s(z) = z**2 - 7*z - 28. What is the hundreds digit of s(-13)?
2
Let d(t) = 8*t**2 + t. Let m be d(-1). Let x = m + 1. What is the units digit of x?
8
Let r(h) = h**2 + 6*h + 7. Let b be r(-5). Let d be (0 - -1)*b - -1. What is the units digit of (d/(-9))/((-1)/3)?
1
Let o(b) = b**3 + b**2 + 6*b + 1. What is the hundreds digit of o(5)?
1
Let r = 98 + -62. What is the tens digit of r?
3
Let d(p) = 5*p - 2. What is the tens digit of d(3)?
1
Suppose 0 = -u - a + 4, -8*u + 4*u - 3*a = -13. What is the units digit of u?
1
Let w be -3 + 2 + 2 - 7. Let a be (-2)/((-1)/((-9)/(-2))). Let p = w + a. What is the units digit of p?
3
What is the tens digit of 87*(-1 - 3)/(4/(-2))?
7
Let f = 707 + -484. What is the hundreds digit of f?
2
Suppose 0 = 2*h + h + 60. What is the units digit of (-172)/h + (-3)/5?
8
Let y(f) = f**3 - 13*f**2 + 18*f + 16. What is the tens digit of y(12)?
8
Let m(j) be the second derivative of j**3/6 + j**2/2 - 3*j. What is the tens digit of m(12)?
1
Suppose 220 = 3*x - 314. What is the units digit of x?
8
Suppose 430 = 6*f - f. What is the tens digit of f?
8
Let l(h) be the third derivative of h**5/60 - h**4/24 + h**2. Let d be (12/(-10) + 2)/((-4)/10). What is the units digit of l(d)?
6
Let x(o) be the second derivative of 5*o**4/3 + o**3/6 - 4*o. What is the units digit of x(-1)?
9
Let g = 4 + -2. Suppose -5*f - g*m + 1 = 0, f = -2*f + 2*m - 9. Let v(d) = -17*d - 1. What is the tens digit of v(f)?
1
Let a(y) = 2*y**2 + 4*y - 10. What is the units digit of a(4)?
8
Suppose -2*p - p = 2*u - 133, -3*p + 2*u = -137. Let f = -32 + p. Suppose 5*c - f = 7. What is the units digit of c?
4
Let t(y) = -2*y - 2. Let r be t(-2). Suppose 0*l = r*w + 2*l - 30, -15 = w - 5*l. What is the tens digit of w?
1
Let c(a) = 9*a**2 - 4*a - 3. What is the tens digit of c(-2)?
4
Let s(h) = -h + 9. Let r be s(-8). Let x(v) = v**2 + v + 7. Let c be x(-6). Let a = c - r. What is the tens digit of a?
2
Let u be 277/3 - (-24)/36. Let o = u - 54. What is the units digit of o?
9
Let h = 36 + -9. Let i be (-546)/h + 4/18. What is the units digit of (-235)/i + 6/(-8)?
1
Let u(h) = 6*h**2 - h - 10. What is the tens digit of u(-3)?
4
Suppose 2*y + 5*c = -y + 39, 5*c = -2*y + 21. L